 + n = 5*s. What is the units digit of s?
4
Let a(b) be the first derivative of 35*b**3/3 + 26*b + 200. What is the units digit of a(-5)?
1
Let z be (-3 - -1) + 27*2. Let r = -135 - -113. Let g = z + r. What is the tens digit of g?
3
Suppose -6*c = -30207 - 1095. What is the thousands digit of -2 + (-6)/((-18)/c)?
1
Suppose -t = d - 46810, 309*t - 312*t = -d + 46806. What is the ten thousands digit of d?
4
Suppose 58 + 7 = 13*p. Suppose p*f = -3*s + 365, -2*s + 228 + 26 = -2*f. What is the units digit of s?
5
Suppose z = 2 + 2. Let f(h) = -h - 7 + 8 - 2*h + 3*h**3 + 2 - 4*h**2. What is the units digit of f(z)?
9
Let n = 32477 + -1815. What is the thousands digit of n?
0
Suppose 13*a - 30743 + 622 = 0. What is the tens digit of a?
1
Let v be (-5)/(-4)*-2*-2. Let w(a) = 13*a - 21*a - 8 + 11*a. What is the units digit of w(v)?
7
Suppose 6 = -3*k, -4*k + 9508 = -2*p + 35628. What is the tens digit of p?
5
Let o be -2*21/(-3)*(-3)/7. Let z be 21/14*(-212)/o. Let f = z - 1. What is the units digit of f?
2
Let y(p) = 13*p**2 + 3*p - 16. Let b = 33 + -36. What is the units digit of y(b)?
2
Suppose 2*j + j + 4*y - 15 = 0, 2*y + 51 = 5*j. Suppose 5 = 4*f - s, 0 = -2*f - f - s + j. What is the units digit of (-3 + f)*-62 - -2?
4
Suppose -4*l + 339 = 47. Suppose 4*a - 278 = 15*t - 13*t, -3*t + l = a. What is the units digit of a?
0
Let t(d) = -2*d - 4. Let u be t(-14). Let z = u + -31. Let f(k) = k**3 + 11*k**2 + 13*k + 3. What is the units digit of f(z)?
8
Let v(n) = -1432*n**3 - 8*n - 7. Let g = -150 - -149. What is the units digit of v(g)?
3
Suppose 10*g = 41*g - 117687 - 63601. What is the thousands digit of g?
5
Let y(g) be the third derivative of 57*g**4/8 - 5*g**3/3 + 17*g**2. Let f be y(3). Let s = f - 311. What is the hundreds digit of s?
1
Suppose -82*m - 47412 = -94*m. Suppose -5*k + 5*u + 6585 = 0, -3*k - 17*u + 16*u + m = 0. What is the hundreds digit of k?
3
Suppose -q = 2*h - 7584, -651*q - 37932 = -656*q + 2*h. What is the thousands digit of q?
7
Let m be -1 - (-4 - -2 - (28245 - -4)). What is the hundreds digit of ((-36)/(-10))/3*m/75?
4
Suppose 5*d - 4 = 11. Let j(y) = 12*y**2 - 2 - 11*y + y - y**d - 4*y**3 + 4*y**3. What is the units digit of j(11)?
9
Suppose -105*s = -375*s + 11163420. What is the units digit of s?
6
Let a be 18/(-15)*(-60)/(-9). Let l = 8 + a. Suppose l = -i + 8 + 47. What is the units digit of i?
5
Let n be 4/(4464/(-747) + 6). Let h(g) = -g - 4. Let m be h(-3). Let q = n - m. What is the hundreds digit of q?
1
Let h = 30466 - 8456. What is the hundreds digit of h?
0
Suppose 4*n = 2*j - 96, 0 = -4*j + 4*n + 158 + 18. Let i be ((-20)/j)/(2/(-296)). Suppose 7*a - 465 = i. What is the units digit of a?
7
Let w be 21/(-15) + (-8)/5. What is the hundreds digit of (2 - 13)/(w + (-86)/(-29))?
3
Let r = -36481 + 72378. What is the tens digit of r?
9
Suppose 1 = 5*b + 1. Suppose b = 8*p + p - 1935. Let x = p - 78. What is the tens digit of x?
3
Let h be (-2)/((8 + -7)*(-1 + 0)). Suppose 2*o = -h*o + 12. Suppose -o*r = -369 - 198. What is the tens digit of r?
8
Let h be (-1 - (-4)/12)/((-1)/600). Suppose 5*r = 165 + h. What is the hundreds digit of r?
1
Let u(o) = -o**2 + 6*o. Let p be u(0). Let r(h) = h**2 + 17*h + 640. What is the hundreds digit of r(p)?
6
What is the units digit of 4 + (88995/(-15))/(-1)?
7
Let s = -10333 - -15279. What is the units digit of s?
6
Suppose 68*a - 572302 + 95612 - 1429418 = 0. What is the thousands digit of a?
8
Suppose 2*i - 5*y - 15714 = 0, 2*i - 2*y = -3*i + 39348. What is the units digit of i?
2
Suppose 32*h + 93*h - 9649590 = -58*h. What is the units digit of h?
0
Let a(z) = 28*z**2 + 70*z + 1298. What is the ten thousands digit of a(-24)?
1
Let w = 44020 + -26063. What is the hundreds digit of w?
9
Suppose 18926 = 2*i - 6322. What is the thousands digit of i?
2
Let w(s) = 3*s**2 + 5*s - 24. Let f(n) = -n**2 - 2*n + 1. Let m(h) = -4*f(h) - w(h). Suppose -a - 16 = -7. What is the units digit of m(a)?
4
Let s(y) = -y**2 - 6*y - 6. Let p be s(3). What is the hundreds digit of (-149 - 1)*(3 - (-187)/p)?
4
Suppose 2*t = 4*d + 6, 4*d + 18 = 4*t + 2*d. Suppose -m = j + 2, m - t*m = 2*j + 12. Suppose -j = -3*r + 64. What is the units digit of r?
2
Let l(v) be the second derivative of -17*v**3/6 + 2*v**2 + v. Let t = -65 - -61. What is the tens digit of l(t)?
7
Let f = -2897 + 2927. What is the units digit of f?
0
Let r be (-6 + 1)/((-4)/(-328)). Let s = r - -743. What is the hundreds digit of s?
3
Let i = -176 + 195. Let l = i + 59. What is the units digit of l?
8
Suppose 11985 - 95613 = -12*h. What is the units digit of h?
9
Let c(g) = -g**3 + 9*g**2 + 11*g + 33. Let u be c(12). Let j = -173 - u. What is the tens digit of j?
9
Suppose 7*h + 3*h - 140 = 0. Suppose q = 3*m - 575, 25 = -h*q + 9*q. What is the hundreds digit of m?
1
Let i(n) = -n**3 + 15*n**2 + 77*n - 19. Let p be i(19). Suppose p = -17*x - 5*x + 18524. What is the units digit of x?
2
Suppose -f = -3*a - 4*f - 618, -4*a - 833 = f. Let w = a + 311. What is the tens digit of w?
0
Let w(i) = 33*i + 168. Let s = -331 - -344. What is the tens digit of w(s)?
9
Let v(a) = -94*a**3 + a**2 + 43*a + 43. What is the units digit of v(-1)?
5
Let l be -4 - -8 - (0 - 102). Suppose 0 = 30*y - 28*y - l. Let k = 60 - y. What is the units digit of k?
7
Suppose -27*p + 29*p = -3*g + 69156, 0 = -5*g - 4*p + 115262. What is the tens digit of g?
5
Suppose 114*y - 3001 = -p + 119*y, 2*y + 36128 = 12*p. What is the thousands digit of p?
3
Let w be (-3 - -1)*138/(-12). Suppose -g = -4*s - w, -3*g - 7*s - 16 = -2*s. Suppose c = h - 30, -5*c - 13 - 73 = -g*h. What is the tens digit of h?
3
Let l(p) = -p**3 + 26*p**2 - 34*p - 57. Let a be l(25). Let q = a - -578. What is the units digit of q?
6
Let j be (-2 - -2)/(-3) - (-672)/(-2). Let x = j + 560. What is the tens digit of x?
2
Let q = 80 + -158. Let s be (10/3)/((-4)/q). What is the units digit of -72*(-4 + s/20)?
4
Let t(c) = 19*c - 3. Let v(z) = z**3 + 13*z**2 - 2*z - 15. Let y be v(-13). Let l = y - 6. What is the tens digit of t(l)?
9
Suppose 39*u = 34*u - 10. Let x be (-4)/4 - (-4)/u. What is the tens digit of (-100)/(-2 - 0) - (x + 7)?
4
Let a be (-7)/(-35) + (-148)/(-10). Let y = -12 + a. What is the hundreds digit of -14 + 317 - 2*y/3?
3
Let g = -1632 + 3593. Let r = g + -1035. What is the tens digit of r?
2
Let r = -35 + 37. Suppose 838 = 4*l - r*i, l + 2*i - 404 = -l. Let h = l + -114. What is the tens digit of h?
9
Let i(t) = -118*t**2 - 658*t - 9. Let p be i(-6). Let q = -271 + 177. Let r = q - p. What is the tens digit of r?
1
Let v = -67591 - -116629. What is the ten thousands digit of v?
4
Suppose 3*g - 2*a - 2*a + 34 = 0, g = -4*a + 10. Let b(r) = r**3 + 8*r**2 - 10*r + 15. What is the hundreds digit of b(g)?
1
What is the tens digit of (7 + 1)*(-3628)/(-32)?
0
Let r be (-6)/(-24)*-2*4. Let k be 15/r*(30/25)/(-3). Let t = k + 199. What is the units digit of t?
2
Let n(v) = 8*v**2 + 6*v - 16. Let u(l) = 7*l**2 + 8*l - 16. Let m(h) = 4*n(h) - 3*u(h). What is the units digit of m(-6)?
0
Suppose -672*p + 8288 = -668*p. What is the hundreds digit of p?
0
Let w = 6712 - -1367. What is the tens digit of w?
7
Let a be -58 - 9/(36/8). Let v be a*((-22)/(-4))/(-11). Suppose -v*m = -36*m + 1050. What is the hundreds digit of m?
1
Let b(z) = z**3 - 5*z**2 - 5*z - 3. Let n be (-11)/3 + 2/3. Let w be b(n). Let y = w + 128. What is the tens digit of y?
6
Suppose -416*y = -418*y + 70. Suppose 0 = -y*k + 20*k + 8325. What is the hundreds digit of k?
5
Let u(h) = -h**3 - 4*h**2 + 6*h + 3. Let c be u(10). Let t = c + 2177. Suppose -16*b + t = -11*b. What is the units digit of b?
8
What is the tens digit of 22592*1 - (-9)/(-15)*(11 - 6)?
8
Let t = -144 + 147. Suppose 0 = 5*d - 4*b - 509, 0 = 3*d + t*b - 15 - 312. Suppose 325 + d = 2*x. What is the tens digit of x?
1
Let b(q) = -q. Let p(j) = -32*j - 9. Let g(s) = -6*b(s) + p(s). Suppose -3*r - 5*t - 14 = 0, -5*r + t + 10 = -8*r. What is the tens digit of g(r)?
6
Let a(f) = -2*f - 23. Let k(b) = -3*b - 22. Let j(t) = 6*a(t) - 5*k(t). Let c be j(10). What is the units digit of 4*15/20 - c?
1
Let z(u) = -2*u**2 - u - 2141. Let i be z(0). Let s = -768 - i. What is the hundreds digit of s?
3
Let w be (-4)/(-6) + 84/36. Suppose 4 = -t - w. Let q(i) = i**3 + 8*i**